82132718?
1
What is the hundreds digit of 60643390?
3
What is the tens digit of 373823804?
0
What is the ten millions digit of 111344623?
1
What is the hundred millions digit of 337260875?
3
What is the billions digit of 7655674839?
7
What is the millions digit of 1223908719?
3
What is the hundred millions digit of 1331204710?
3
What is the hundred thousands digit of 24964583?
9
What is the ten thousands digit of 3748582388?
8
What is the ten millions digit of 2006124960?
0
What is the hundred thousands digit of 30247337?
2
What is the millions digit of 15843952?
5
What is the hundred thousands digit of 1164000303?
0
What is the hundreds digit of 4879677?
6
What is the hundreds digit of 1242589814?
8
What is the ten millions digit of 2002573432?
0
What is the billions digit of 4027377931?
4
What is the billions digit of 4337272573?
4
What is the tens digit of 45191237?
3
What is the tens digit of 43561421?
2
What is the ten thousands digit of 898758977?
5
What is the tens digit of 1280412632?
3
What is the hundreds digit of 74209835?
8
What is the hundred millions digit of 543864323?
5
What is the thousands digit of 1263931444?
1
What is the ten thousands digit of 2259716207?
1
What is the thousands digit of 45804283?
4
What is the ten millions digit of 1146570384?
4
What is the hundreds digit of 330491051?
0
What is the thousands digit of 69078824?
8
What is the hundreds digit of 49282927?
9
What is the units digit of 424888229?
9
What is the units digit of 1251341643?
3
What is the hundred millions digit of 2638059211?
6
What is the hundred thousands digit of 6776364?
7
What is the millions digit of 324397003?
4
What is the units digit of 147390613?
3
What is the hundreds digit of 920558130?
1
What is the billions digit of 1710794028?
1
What is the hundred thousands digit of 26255281?
2
What is the units digit of 606836021?
1
What is the tens digit of 652517686?
8
What is the ten thousands digit of 621541917?
4
What is the units digit of 249197508?
8
What is the ten millions digit of 152063874?
5
What is the hundred thousands digit of 18925828?
9
What is the units digit of 258286387?
7
What is the hundreds digit of 4674689675?
6
What is the hundred millions digit of 223230656?
2
What is the thousands digit of 7591242380?
2
What is the millions digit of 65801422?
5
What is the units digit of 3170271894?
4
What is the hundreds digit of 1145768242?
2
What is the hundred thousands digit of 65581990?
5
What is the billions digit of 1138191961?
1
What is the hundred thousands digit of 230580012?
5
What is the ten millions digit of 499087956?
9
What is the millions digit of 14311230?
4
What is the millions digit of 2677927661?
7
What is the millions digit of 77080975?
7
What is the ten millions digit of 502198519?
0
What is the hundreds digit of 574412536?
5
What is the thousands digit of 192146322?
6
What is the millions digit of 36653698?
6
What is the hundreds digit of 39676135?
1
What is the hundred thousands digit of 908357347?
3
What is the tens digit of 24198213?
1
What is the hundreds digit of 295454461?
4
What is the tens digit of 74194440?
4
What is the ten thousands digit of 8905130?
0
What is the tens digit of 495756946?
4
What is the units digit of 1935498534?
4
What is the hundred thousands digit of 37586759?
5
What is the units digit of 232221859?
9
What is the hundred millions digit of 581701066?
5
What is the millions digit of 30280246?
0
What is the hundreds digit of 2531013741?
7
What is the hundred thousands digit of 3798069797?
0
What is the ten millions digit of 313510818?
1
What is the units digit of 245923779?
9
What is the hundred thousands digit of 488124258?
1
What is the ten millions digit of 256777701?
5
What is the tens digit of 202870927?
2
What is the hundreds digit of 87869102?
1
What is the units digit of 2000105887?
7
What is the hundred millions digit of 316281447?
3
What is the ten thousands digit of 324708322?
0
What is the hundred thousands digit of 261922157?
9
What is the ten millions digit of 40753312?
4
What is the ten millions digit of 550277659?
5
What is the units digit of 1277730890?
0
What is the thousands digit of 76598847?
8
What is the thousands digit of 3264980319?
0
What is the thousands digit of 128639520?
9
What is the tens digit of 175749698?
9
What is the millions digit of 44531240?
4
What is the hundreds digit of 88698796?
7
What is the hundreds digit of 1000757955?
9
What is the ten millions digit of 87200636?
8
What is the ten thousands digit of 2057007093?
0
What is the billions digit of 1804066579?
1
What is the millions digit of 38010351?
8
What is the thousands digit of 91545208?
5
What is the millions digit of 101901564?
1
What is the thousands digit of 598877981?
7
What is the hundred millions digit of 128878444?
1
What is the hundred thousands digit of 1461742?
4
What is the ten millions digit of 23577042?
2
What is the ten thousands digit of 1316250859?
5
What is the ten millions digit of 728121754?
2
What is the hundred thousands digit of 655106827?
1
What is the units digit of 889655170?
0
What is the hundred millions digit of 3463123379?
4
What is the units digit of 66493932?
2
What is the ten thousands digit of 69292272?
9
What is the tens digit of 1929623610?
1
What is the units digit of 20478399?
9
What is the hundreds digit of 79620109?
1
What is the thousands digit of 32785992?
5
What is the hundreds digit of 949373974?
9
What is the thousands digit of 289775141?
5
What is the thousands digit of 2637218261?
8
What is the units digit of 301472647?
7
What is the millions digit of 75021511?
5
What is the ten thousands digit of 18224444?
2
What is the millions digit of 1889503918?
9
What is the hundred thousands digit of 48970474?
9
What is the ten thousands digit of 326460383?
6
What is the hundreds digit of 70229431?
4
What is the millions digit of 8071091?
8
What is the millions digit of 154949195?
4
What is the millions digit of 2202208028?
2
What is the tens digit of 2938657285?
8
What is the ten millions digit of 881349212?
8
What is the ten millions digit of 873238911?
7
What is the tens digit of 48132339?
3
What is the units digit of 2578634506?
6
What is the thousands digit of 13622885?
2
What is the millions digit of 307165410?
7
What is the ten thousands digit of 47340883?
4
What is the thousands digit of 1907865442?
5
What is the units digit of 262829228?
8
What is the hundred thousands digit of 1158006515?
0
What is the hundred thousands digit of 14219000?
2
What is the millions digit of 1412379067?
2
What is the hundred millions digit of 111677886?
1
What is the hundreds digit of 907991500?
5
What is the ten millions digit of 77560063?
7
What is the hundred millions digit of 2074008097?
0
What is the hundred thousands digit of 229311595?
3
What is the hundred thousands digit of 37888297?
8
What is the billions digit of 2875049331?
2
What is the hundred millions digit of 2136488470?
1
What is the thousands digit of 38204061?
4
What is the thousands digit of 1645044216?
4
What is the millions digit of 2113321756?
3
What is the units digit of 118351856?
6
What is the millions digit of 6581026677?
1
What is the thousands digit of 892736691?
6
What is the hundred thousands digit of 1754859343?
8
What is the hundred millions digit of 149039525?
1
What is the hundred millions digit of 5254668933?
2
What is the billions digit of 1444328224?
1
What is the units digit of 960029666?
6
What is the hundreds digit of 637046587?
5
What is the units digit of 94506605?
5
What is the hundreds digit of 89546773?
7
What is the millions digit of 972766529?
2
What is the millions digit of 113008360?
3
What is the units digit of 337440013?
3
What is the tens digit of 65705036?
3
What is the hundred millions digit of 2965263369?
9
What is the units digit of 1823723917?
7
What is the units digit of 201620599?
9
What is the millions digit of 170246719?
0
What is the millions digit of 1187959159?
7
What is the tens digit of 949104233?
3
What is the ten millions digit of 266215134?
6
What is the millions digit of 3058782?
3
What is the hundred thousands digit of 85161683?
1
What is the ten thousands digit of 87864189?
6
What is the ten thousands digit of 304250231?
5
What is the ten mil